rs of 4/(-10) + 4206/15 + -1?
3, 31
Suppose k = 13 - 2. Let o = 23 - k. List the prime factors of o.
2, 3
Suppose -3*v - 819 = -10*v. What are the prime factors of v?
3, 13
Suppose t - 1001 = -6*t. Suppose 37 = 5*l - t. What are the prime factors of l?
2, 3
Suppose 0 = -4*u - 3*o + 182, -5*u + 134 = 3*o - 95. What are the prime factors of u?
47
Suppose -2*x - 4*q = -8*q - 84, 5*x = q + 255. What are the prime factors of x?
2, 13
Let q = 17 + 12. List the prime factors of q.
29
Suppose 10 = -4*h - h. List the prime factors of h - 10/(2/(-1)).
3
Let g = 59 + -10. List the prime factors of g.
7
Let k = -10 - -16. Suppose 0 = -4*b + 3*x + 37, -5*b + x - k*x = -55. What are the prime factors of b?
2, 5
Suppose 0 = 2*t - 0*t - 60. Let p = t + -20. Suppose 0 = -2*z + p, -60 = -5*i - 0*z - 5*z. What are the prime factors of i?
7
Suppose 3*d - 414 = -5*r, 5*d + 0 + 10 = 0. List the prime factors of r.
2, 3, 7
Suppose 0*t - 4*t = -8. Let q be 1/(-1) + (1 - t). What are the prime factors of q - -1 - (-11 - -1)?
3
Let l be (-2)/18 + (-219)/(-27). What are the prime factors of 1*172/l*2?
43
What are the prime factors of (58/(-10) + 4)*-5?
3
Let c = -1 + 17. What are the prime factors of c + (0 + -1 - 0)?
3, 5
Let x(h) = -h**3 - 2*h**2 - h + 2. Let u be x(-2). Let f = 2 + u. What are the prime factors of f?
2, 3
Let a = 1 + 2. Suppose 3*m - 3*l = -2*l + 10, -3*m + 13 = -4*l. Suppose -2*r = -m - a. What are the prime factors of r?
3
Let f(b) = -b**3 + 4*b**2 + 3. Let a be f(4). Suppose -18 = a*g - 84. What are the prime factors of g?
2, 11
Let n be 54/10 + 2/(-5). Suppose 4 = v - n*v. Let l = 14 + v. What are the prime factors of l?
13
Let c = -3 + 9. Suppose 2*w - 5*y = 52, -y = -c*w + 4*w + 36. List the prime factors of w.
2
Let o = -137 - -162. List the prime factors of o.
5
Suppose 25 = -5*s, 0*r + 14 = -2*r - 4*s. Suppose r = 2*n - 3. What are the prime factors of n?
3
Let k(h) = 6*h**2 + 5. List the prime factors of k(3).
59
Let m = -2 + 5. Suppose m*d = d + 10. What are the prime factors of d?
5
Suppose 2*j - 2*q - 34 = 0, j - 4*q - 22 = -2*q. Suppose -j = -4*v + 124. What are the prime factors of v?
2, 17
Let c = 7 + -6. Suppose -2*y + 5*j = -24, -2*y - 4*j = y + 10. Suppose -2*l = -6, -3*l + c = y*d - 6*l. What are the prime factors of d?
5
List the prime factors of -15*(-2)/(6/5).
5
Suppose 10*s - 84 = 6*s. List the prime factors of s.
3, 7
Suppose 13*u = 12*u + 23. List the prime factors of u.
23
Let l(v) be the third derivative of 0*v - 1/60*v**5 + 0 - 7/24*v**4 - 1/6*v**3 - v**2. What are the prime factors of l(-5)?
3
Let w(f) = -f**3 - 2*f**2 - 2*f - 1. List the prime factors of w(-3).
2, 7
Let r(q) = -3*q + 27. List the prime factors of r(-18).
3
Let s = -18 - -20. Suppose 7*b - 115 = s*b. List the prime factors of b.
23
Let g(j) = -2*j - 8. Let x be g(-8). Suppose x*o = o + 343. List the prime factors of o.
7
Let q be 42/8 + 1/(-4). Suppose 4*s - 11 - q = 0. Suppose -2*z + s*z = 6. List the prime factors of z.
3
Let d(v) = -50*v + 3. List the prime factors of d(-4).
7, 29
Let s(x) = -x**3 + 5*x**2 + 4*x + 7. Let n be s(6). Let m = n - -7. Let q = 7 - m. What are the prime factors of q?
5
Let z = 98 - -99. What are the prime factors of z?
197
Suppose 0 = -0*x + 3*x - 21. Let o = 33 + x. List the prime factors of o.
2, 5
Suppose -2*y = -m + 8, -6 = 4*m + y - 2. Suppose -3*s = 2*s + h, 0 = 4*s - 3*h. Suppose s = 2*k - m*k + i - 18, -20 = -5*i. What are the prime factors of k?
7
Let o = -44 - -132. List the prime factors of ((-1)/(-2))/(11/o).
2
Suppose 0 = 5*h - 12*h + 1190. List the prime factors of h.
2, 5, 17
List the prime factors of -33*(26/(-24))/(9/36).
11, 13
Let k = -21 - -35. Let b = 35 - k. List the prime factors of b.
3, 7
Suppose l - 4*b + 5*b = -9, 0 = -4*l - b - 21. Let d(r) = r**2. What are the prime factors of d(l)?
2
Let v = 119 + -92. What are the prime factors of v?
3
Let u = -58 - -97. List the prime factors of u.
3, 13
Let w = 122 - 173. Let q = -84 - w. Let d = -22 - q. List the prime factors of d.
11
Let o(z) = -12*z - 4. List the prime factors of o(-3).
2
Suppose 6 = 3*u - 5*u. Let t = u - -6. What are the prime factors of t?
3
Suppose 6*l + 8 = 4*l. Let n(d) = 2*d**2 + 3*d - 5. Let x be n(l). What are the prime factors of 4/6*(x + 0)?
2, 5
Let l = -4 - -16. Suppose 3*m - l = m. Suppose 0 = -m*b + 3*b + 9. List the prime factors of b.
3
Let a be 0 - (0 - (1 - -1)). Let j = a + 4. What are the prime factors of (28/(-6))/((-4)/j)?
7
Let p(y) = 6*y - 2. Let k be p(-1). Let x(t) = -2*t**2 - 20*t - 6. List the prime factors of x(k).
2, 13
Let f = -6 + 10. Let x = f - -3. Let h = x - -8. What are the prime factors of h?
3, 5
Let g(w) = 12*w + 1. Let h be g(3). Let r(i) = i + 6. Let z be r(-6). Suppose z = -3*v - 2*s + h, v - s = -3*v + 31. What are the prime factors of v?
3
List the prime factors of 20/(-80) - ((-89)/4 - 0).
2, 11
Let r(v) = -v**2 + 2*v + 3. Let l(f) = 3*f**2 - 7*f - 10. Let z(k) = -2*l(k) - 7*r(k). Let s be z(-1). List the prime factors of -1 + 3 + s + 5.
7
Suppose 0 = -7*z + 4*z + 27. Suppose -z*n + 12*n = 111. List the prime factors of n.
37
Let f = 13 + -21. Let i be 2/(-4) + 21/(-6). Let m = i - f. What are the prime factors of m?
2
Suppose 5*c = 2*r + 138, 6*r + 23 = c + r. What are the prime factors of c?
2, 7
Let c = 4 + -2. Let a be c/11 + 36/44. Suppose 3*w - 5 - a = -3*b, 5*b - w = 28. What are the prime factors of b?
5
Let a = -3 - -6. Let b(g) = 2*g**2 - 5*g + 2. Let s be b(a). Suppose -2*w = -s*w + 6. List the prime factors of w.
2
Let q = -120 - -227. List the prime factors of q.
107
Suppose -5*i + 24 + 1 = 0. List the prime factors of 3/i + 1524/60.
2, 13
Let b = 70 - -12. What are the prime factors of b?
2, 41
Suppose -202 = -2*n - 3*w, 3*w = 5*n - 228 - 256. Let d = n - 60. What are the prime factors of d?
2, 19
List the prime factors of 4*(-3 - -2)/(-1).
2
Let p = 1 + -3. Let j be (-2 + 1 - p)*11. Suppose -2*k + 7 = -j. What are the prime factors of k?
3
Let m = -1 - -4. Suppose -54 = -4*f + l, 5*l - 3 = 2*f - m*f. List the prime factors of f.
13
Suppose 3*b = 2*b - 6. Let s(f) = -f - 6. Let u be s(b). Suppose 22 = 2*t - u*t. What are the prime factors of t?
11
Suppose t + 3*k - 11 = -3*t, t + k = 3. Suppose b - t*b = 0. Suppose f + 3*f - 36 = b. What are the prime factors of f?
3
Let r = -1 + 4. Suppose 7*m - g = 2*m - 63, -5*m = -3*g + 69. List the prime factors of 4/m - (-52)/r.
17
Let i(l) = 2*l - l - 4 + 2. Let u be i(6). What are the prime factors of 1 + (u - (4 - 2))?
3
Let d(n) = -2*n. Let k(j) = j**3 - 3*j**2 - 3*j - 2. Let o be k(4). Let t = -5 + o. List the prime factors of d(t).
2, 3
Let i(k) = k**2 - 8*k + 3. Let o be i(8). Suppose -o*z + 8*z - 95 = 0. List the prime factors of z.
19
List the prime factors of ((832/(-10))/4)/((-10)/50).
2, 13
Suppose f = -0*f. Suppose f = 2*g - 0*g - 3*n - 59, 139 = 5*g + n. What are the prime factors of g?
2, 7
Suppose 5*b + 6*b = 1496. List the prime factors of b.
2, 17
Let q(o) = -o**3 + 8*o**2 - 7*o + 8. Let c be q(7). Suppose -d + 2 = -4*y, 2*d + y - 5 = c. What are the prime factors of d?
2, 3
Suppose 3*t - 127 - 186 = 4*h, 5*t - 560 = -h. What are the prime factors of t?
3, 37
Let z(q) = -q**2 + 7*q - 7. Let d be z(6). Suppose -2*s = 5*k - 36, 3*s + 0 = 2*k + 16. Let h = s - d. List the prime factors of h.
3
Let t = -10 + 45. What are the prime factors of t?
5, 7
Suppose -3*k = -5*k - 12. Let u = k + 6. Suppose u*d - d = -14. List the prime factors of d.
2, 7
Let s(q) = 22*q - 1. List the prime factors of s(1).
3, 7
List the prime factors of (-8)/2 + 2 - -41.
3, 13
Suppose -u = 4*q - 24, 2*q - 3*u = -3 + 15. List the prime factors of q.
2, 3
Suppose -570 = -3*k + 423. What are the prime factors of k?
331
List the prime factors of (-1 - 441/(-15))*10/4.
71
Suppose -5*s + 33 = -3*n, 3*s + 2*n = -0 + 16. List the prime factors of s.
2, 3
Suppose 4*a - 46 = 10. Suppose -a = -q - q. What are the prime factors of q?
7
Let w = 16 + -16. Let s(i) = i**2 + i + 31. List the prime factors of s(w).
31
Suppose -20 = -4*u + 72. What are the prime factors of u?
23
What are the prime factors of -45*55/60*(-6 - -2)?
3, 5, 11
Suppose 2*t - 3*m - 41 = 131, 64 = t + 4*m. Suppose 3*o = -o - t. List the prime factors of o/(-6)*(-24)/(-20).
2
Let w(f) be t